 = m*v. Let w = 198 + v. List the prime factors of w.
7, 17
Let t = -55 + 283. Suppose 0*k + k - t = b, 5*k + 2*b = 1154. List the prime factors of k.
2, 5, 23
Let z(k) = -k**3 + k + 3. Suppose 5*s = -0*s. Suppose s*b + 9*b = -27. List the prime factors of z(b).
3
Let w(p) = 26*p**2 - 3*p - 3. Let a be w(-3). Let z = a + 261. List the prime factors of z.
3, 167
Suppose -2*c + 5*s = -17086 - 144, 0 = 5*c + 2*s - 42988. What are the prime factors of c?
2, 5, 43
Let p(y) = -17 - 6 + 7*y**2 - 7*y - 14. List the prime factors of p(-8).
467
Suppose 5*b + 17 - 42 = 0, -5*b = 3*g - 42121. List the prime factors of g.
2, 877
Let t = 71299 - 37961. List the prime factors of t.
2, 79, 211
Suppose 22*f - 10*f - 102998 = 456910. What are the prime factors of f?
3, 103, 151
Let d = -97 + 104. Let k be -3 - ((-44)/d - (-6)/21). Suppose 2*i - 441 = -k*n, 5*i = n - 139 + 9. List the prime factors of n.
5, 29
Let i = 233 + -232. List the prime factors of 0/1*i - (-1386)/7.
2, 3, 11
Let d = -2889 - -8394. What are the prime factors of d?
3, 5, 367
Let s(r) = -27*r + 6. Suppose 7*o - 120 = -3*o. Suppose -4*z + 2*c = o, -z - 4*z - 15 = 2*c. List the prime factors of s(z).
3, 29
Let p(j) = j**3 - 2*j**2 - 12*j - 17. Let n be p(-2). Let k(w) = 3*w + w**2 - 3*w - 10 + 4*w. List the prime factors of k(n).
5, 7
Suppose 2*k - 67584 - 4476 = k. What are the prime factors of k?
2, 3, 5, 1201
Let a(n) = 791*n - 620. What are the prime factors of a(5)?
5, 23, 29
Let v(z) = 10 + 12 + 11*z + 4. Suppose a + 3*c - 8 = -3*a, 4*a - 4 = -4*c. What are the prime factors of v(a)?
3
Let r be (-1)/2 - ((-158)/4 + -3). Let k be 6/(-21) + 1944/r. Let p = k - 0. List the prime factors of p.
2, 23
Let m(i) = i**3 - 14*i**2 - 21*i + 103. Let a be m(15). Let p(j) = -12*j**2 + 3*j + 1. Let k be p(-2). Let h = a - k. List the prime factors of h.
2, 3, 11
Let p(i) = -46*i - 98. Let c(q) = 24*q + 49. Let s be 2/(-4)*-8 + -7. Let v(n) = s*p(n) - 7*c(n). What are the prime factors of v(-6)?
131
Let o(i) = -4*i**3 + 9*i**2 + 10*i - 13. Let x(t) = 6*t**3 - 14*t**2 - 15*t + 20. Let n(y) = 7*o(y) + 5*x(y). List the prime factors of n(7).
317
Suppose 0 = -4*b + b + 26270 + 83824. What are the prime factors of b?
2, 59, 311
Let y = -14408 - -20426. What are the prime factors of y?
2, 3, 17, 59
Suppose -5*k - 28 = -3*c, -k + 20 = 3*c - 2*k. Suppose 3*y + 3*q = -18, y + 3*q - 10 = c*q. Let s(i) = -16*i**3 + i**2 - 1. List the prime factors of s(y).
131
Let y(f) = 465*f**2 - 21*f - 73. List the prime factors of y(-8).
5, 7, 853
Let u(w) = w**3 - 12*w**2 - 5*w + 7. Let b be u(12). Let j = -116 - b. What are the prime factors of (-8)/(-6)*j/(-6)?
2, 7
Suppose 5*g = 25, 683 - 2589 = -3*h - 5*g. Let u = 383 + h. What are the prime factors of u?
2, 5, 101
Let g be 2/3 - (-20)/6. Suppose -29 = -g*n + 11. Suppose n*a - 6*a = 480. List the prime factors of a.
2, 3, 5
Let i(d) = 3*d**2 + 30*d - 2096. List the prime factors of i(81).
37, 541
Let t(u) = 15756*u**2 + 79*u - 76. What are the prime factors of t(1)?
3, 17, 103
Suppose -227*o + 6432931 = -6172379. What are the prime factors of o?
2, 3, 5, 617
Let b = -46 + 49. Let o be b/(3/(-2)) + 6. Suppose o*k - 124 = -0*k - 5*t, -5*t + 46 = k. What are the prime factors of k?
2, 13
Let o be (10/(-4))/((-1)/4). Suppose o*d + 32 = 412. Suppose d = 4*j - 22. List the prime factors of j.
3, 5
Let l be (-9)/12*(-3 + -2 - -1). Suppose -4*w = c - 1070, -c + 4204 = 3*c - l*w. List the prime factors of c.
2, 17, 31
Let s(i) = -42*i - 230. Let w be s(-6). Suppose 28*x + w*x = 50150. List the prime factors of x.
17, 59
Suppose 0 = 108*t - 103*t - 4*y - 178602, 71420 = 2*t + y. What are the prime factors of t?
2, 7, 2551
Let q(f) be the third derivative of -f**5/60 + f**4/3 - 2*f**3/3 + 10*f**2. Let t be q(-9). Let i = 281 + t. List the prime factors of i.
2, 31
Let g(h) = h**2 - 2*h - 3. Let b be g(-2). Let n(k) = 48*k + 12. Let j be n(b). Let y = j + -54. What are the prime factors of y?
2, 3, 11
Let v(l) = 12*l - 69. Let c be v(6). Suppose 3*r = -4*s + 9*s + 3405, 3405 = c*r + 4*s. List the prime factors of r.
5, 227
Suppose -4*d - 120 = d. Let i be (29 + -24)*(d/(-10) + 0). Suppose -c + 99 - i = 0. What are the prime factors of c?
3, 29
Suppose -d + 4*d = -3*q + 96, 4*d - 16 = 0. Let j be q/6 - (-9)/((-108)/8). Suppose 4*z + 210 = 2*n, 7*n - 4*n + j*z = 285. List the prime factors of n.
3, 11
Let q = -29483 - -72460. What are the prime factors of q?
11, 3907
Let r = -36 + 19. Suppose 0 = -2*b - 5*o + 78, 39 = b + 3*o - 6*o. Let w = b - r. List the prime factors of w.
2, 7
Let v be -3 - 1/(1/(-16)). Suppose 0 = v*x - 15*x. Suppose -2*z + 95 = 3*b - 106, 4*z + 3*b - 387 = x. What are the prime factors of z?
3, 31
Let m be (-20 + -27)/(1/10). Let v = 670 + m. Let p = 295 - v. What are the prime factors of p?
5, 19
Suppose m - 3 = o + 7, -4*m = 3*o - 12. Suppose 4*v - 2452 = -5*l, 5*v = m*l - 2*l + 3024. List the prime factors of v.
2, 19
Let m = 67978 + -37631. What are the prime factors of m?
30347
Suppose -106*j + 747742 + 2678178 = -5*j. What are the prime factors of j?
2, 5, 53
Let s(p) = -2*p**3 + 5*p**2 - 2*p + 10. Let k be s(0). Suppose -2997 - 1853 = -k*c. What are the prime factors of c?
5, 97
Let p = -2650 + 8886. What are the prime factors of p?
2, 1559
Let w = 4492 - -16236. What are the prime factors of w?
2, 2591
Suppose 0 = 30*b + 3*b - 43659. Suppose -15*x + 5187 = -b. List the prime factors of x.
2, 7, 31
Let y be 1/9 - 713768/(-36). Suppose 0 = -18*t + y + 4761. List the prime factors of t.
2, 683
Suppose -3*k - 36 = k. What are the prime factors of (-3431)/k + 36/(-162)?
3, 127
Let j be (-2)/((-8)/(-220)*5) - 3. Let c(t) be the second derivative of -t**5/20 - 5*t**4/4 - 19*t**3/6 - 15*t**2 + 58*t. List the prime factors of c(j).
2, 5
Let s(m) = 1645*m + 93. What are the prime factors of s(3)?
2, 3, 419
Let y(d) = 2*d**2 - 2*d + 2. Let l be y(-2). List the prime factors of 949/4 + l/(-56).
3, 79
Suppose -y + 3*c = -3234 - 3235, 25912 = 4*y - 3*c. List the prime factors of y.
6481
Suppose -4*w + 28155 = 3*m, -4*m - 1101 = -w + 5914. List the prime factors of w.
3, 5, 7, 67
Let n = -1358 + 2546. Let l = -807 + n. What are the prime factors of l?
3, 127
Let z(h) = -h**3 - 95*h**2 - 11*h + 331. List the prime factors of z(-95).
2, 43
Let z = 217 + 24683. What are the prime factors of z?
2, 3, 5, 83
Suppose -5*b + 9 + 1 = 0, 5*b = -x + 20. Suppose n - x*n + 6462 = 0. What are the prime factors of n?
2, 359
Suppose 3*t + 233 = -4*l, -5*l + l - 2*t - 238 = 0. Suppose -64*s + 9289 = 520 - 1535. Let z = s - l. List the prime factors of z.
223
Suppose 2*j - 3*t - 16 = 0, -t - 10 = -3*j - 0*t. Suppose -x + 4 = 0, -j*l - 4*x = x + 450. What are the prime factors of l/(-25) - 4/10?
3
Suppose 27*l = 145*l - 512356. What are the prime factors of l?
2, 13, 167
Let y(l) = -9 - l - 8 + 12. Let a be y(-10). Suppose -a*b = m - 166 - 211, -3*b - 5*m + 213 = 0. What are the prime factors of b?
2, 19
What are the prime factors of (-466675)/(-110) - (-3)/2?
2, 1061
Let f(c) = -c**2 - 3*c + 7. Let u be f(-4). Let t be (3 + u)*1/3. Suppose -2*d = -4*d - 2*b + 320, t*b - 10 = 0. List the prime factors of d.
5, 31
Let p be ((-1)/1)/((21/15)/(-7)). Let l be (-2)/((36/897)/(-6)). Suppose -q - q + 177 = -p*i, 0 = 4*q + i - l. List the prime factors of q.
2, 19
Suppose 459*n - 396935 = 382*n. What are the prime factors of n?
5, 1031
Let p(q) = -q**3 + 2*q**2 + q - 318. Let h be p(0). Let m = 1040 + h. What are the prime factors of m?
2, 19
Suppose -2*h = -5*o + 1220 - 213, -o = -h - 496. Let p = 217 - h. Let a = p + -416. What are the prime factors of a?
2, 73
Suppose 5*h = -h. Let v(x) = -5*x + 3. Let u be v(h). Suppose 3*c + 141 = u*b, c - 106 = 5*b - 321. List the prime factors of b.
2, 3, 7
Let m(p) = 4160*p - 1086. List the prime factors of m(4).
2, 7, 11, 101
Let p be (-208 - -16)/(-2 + 5/4). Let x = -30 - p. Let m = x - -434. What are the prime factors of m?
2, 37
Suppose 0 = -o + 3*l + 42, 14*l - 15*l = -1. Suppose -4*s + 102 + 38 = 0. Let a = o - s. List the prime factors of a.
2, 5
Let r be -10 + (0 - (6 + 0)). List the prime factors of (-1753)/(-12) - r/(-192).
2, 73
What are the prime factors of (-255)/306 + ((-75671)/(-6) - -4)?
3, 5, 29
Suppose -2*s - 3*y = -111, s = -s + 